.
7
Calculate the highest common divisor of 2816 and 264.
88
What is the highest common divisor of 1296 and 144?
144
Calculate the highest common divisor of 155 and 31.
31
Calculate the highest common divisor of 20 and 130.
10
What is the highest common factor of 116 and 28?
4
What is the greatest common factor of 22 and 418?
22
What is the highest common divisor of 38 and 2?
2
What is the greatest common factor of 67 and 201?
67
Calculate the greatest common factor of 10 and 2785.
5
Calculate the greatest common factor of 3918 and 6.
6
Calculate the highest common divisor of 791 and 7.
7
Calculate the greatest common divisor of 4 and 42.
2
Calculate the highest common divisor of 16 and 86.
2
Calculate the highest common divisor of 4 and 188.
4
What is the greatest common divisor of 187 and 289?
17
Calculate the highest common divisor of 73 and 7811.
73
What is the greatest common factor of 1332 and 2368?
148
Calculate the highest common factor of 133 and 48279.
133
Calculate the greatest common factor of 105 and 3108.
21
What is the greatest common divisor of 578 and 170?
34
Calculate the greatest common divisor of 188 and 4.
4
Calculate the greatest common divisor of 1349 and 19.
19
Calculate the highest common divisor of 1404 and 988.
52
Calculate the highest common factor of 440 and 80.
40
Calculate the highest common divisor of 756 and 840.
84
What is the highest common factor of 2090 and 440?
110
Calculate the greatest common factor of 12 and 20.
4
What is the highest common factor of 198 and 108?
18
What is the highest common divisor of 350 and 28?
14
What is the greatest common factor of 6 and 2310?
6
What is the highest common factor of 120 and 264?
24
Calculate the highest common divisor of 32 and 760.
8
What is the highest common divisor of 2072 and 1176?
56
What is the highest common factor of 9225 and 75?
75
What is the highest common factor of 1143 and 635?
127
What is the greatest common divisor of 144 and 536?
8
What is the greatest common factor of 12 and 76?
4
Calculate the highest common divisor of 147 and 98.
49
What is the greatest common divisor of 146 and 114?
2
Calculate the greatest common factor of 230 and 11155.
115
What is the greatest common divisor of 6 and 1830?
6
What is the greatest common factor of 88 and 77?
11
Calculate the highest common factor of 55 and 185.
5
Calculate the greatest common divisor of 28 and 3626.
14
What is the greatest common divisor of 29 and 87?
29
What is the highest common divisor of 7380 and 40?
20
What is the highest common factor of 10619 and 574?
287
Calculate the greatest common factor of 485 and 20.
5
Calculate the greatest common divisor of 10784 and 32.
32
Calculate the greatest common divisor of 68 and 85.
17
Calculate the highest common factor of 12 and 114.
6
What is the highest common divisor of 81 and 729?
81
Calculate the greatest common factor of 70 and 20.
10
What is the highest common divisor of 182 and 598?
26
What is the highest common divisor of 12 and 108?
12
What is the highest common divisor of 30 and 55920?
30
Calculate the highest common factor of 3129 and 168.
21
What is the greatest common factor of 720 and 288?
144
Calculate the greatest common divisor of 252 and 9.
9
What is the greatest common divisor of 260 and 5?
5
What is the greatest common divisor of 154 and 2376?
22
What is the highest common divisor of 1 and 102?
1
Calculate the greatest common factor of 1278 and 994.
142
Calculate the greatest common factor of 3186 and 270.
54
What is the highest common factor of 16 and 12?
4
What is the highest common factor of 1037 and 85?
17
What is the highest common divisor of 136 and 6?
2
Calculate the highest common divisor of 540 and 240.
60
Calculate the highest common factor of 10 and 13070.
10
Calculate the greatest common factor of 8 and 1352.
8
Calculate the greatest common factor of 30 and 30.
30
What is the greatest common divisor of 1056 and 4620?
132
Calculate the greatest common factor of 2730 and 98.
14
Calculate the greatest common divisor of 77 and 4158.
77
What is the highest common factor of 326 and 815?
163
Calculate the greatest common divisor of 7 and 763.
7
Calculate the highest common factor of 1716 and 182.
26
What is the greatest common divisor of 1 and 121?
1
What is the greatest common factor of 162 and 1863?
81
Calculate the greatest common factor of 168 and 5880.
168
What is the greatest common divisor of 26 and 566?
2
Calculate the greatest common factor of 4565 and 166.
83
Calculate the highest common factor of 868 and 98.
14
Calculate the greatest common divisor of 6 and 6.
6
What is the highest common factor of 92 and 1909?
23
What is the greatest common factor of 1566 and 90?
18
Calculate the highest common divisor of 37 and 259.
37
Calculate the greatest common divisor of 133 and 1539.
19
What is the highest common divisor of 161 and 184?
23
What is the greatest common divisor of 1095 and 10220?
365
Calculate the greatest common factor of 2353 and 13.
13
Calculate the greatest common factor of 6 and 10752.
6
What is the highest common divisor of 4475 and 75?
25
Calculate the highest common divisor of 989 and 129.
43
Calculate the highest common divisor of 854 and 14.
14
What is the highest common factor of 462 and 616?
154
Calculate the greatest common factor of 395 and 10.
5
Calculate the greatest common divisor of 48794 and 62.
62
Calculate the highest common factor of 735 and 504.
21
What is the highest common factor of 1356 and 4?
4
Calculate the greatest common factor of 2600 and 1170.
130
What is the greatest common divisor of 1624 and 40?
8
Calculate the greatest common factor of 15 and 1515.
15
Calculate the highest common factor of 49 and 343.
49
What is the greatest common divisor of 116 and 16?
4
Calculate the highest common factor of 182 and 140.
14
Calculate the highest common divisor of 88 and 48.
8
Calculate the highest common divisor of 250 and 1125.
125
Calculate the highest common factor of 176 and 33.
11
What is the highest common divisor of 117 and 6864?
39
What is the greatest common factor of 3503 and 31?
31
Calculate the greatest common divisor of 55 and 25.
5
Calculate the greatest common divisor of 832 and 128.
64
Calculate the highest common divisor of 66 and 42.
6
What is the greatest common factor of 23 and 3?
1
What is the greatest common divisor of 29 and 1?
1
Calculate the greatest common divisor of 287 and 77.
7
What is the highest common factor of 11 and 616?
11
Calculate the highest common factor of 38 and 20786.
38
Calculate the greatest common factor of 98 and 1442.
14
Calculate the highest common divisor of 256 and 16.
16
Calculate the greatest common divisor of 1748 and 69.
23
Calculate the highest common divisor of 240 and 90.
30
What is the greatest common factor of 208 and 3328?
208
Calculate the greatest common divisor of 5372 and 340.
68
Calculate the highest common divisor of 7530 and 30.
30
What is the highest common divisor of 30 and 960?
30
What is the greatest common factor of 540 and 100?
20
Calculate the greatest common divisor of 23 and 667.
23
What is the greatest common divisor of 3 and 19?
1
What is the highest common divisor of 210 and 1590?
30
What is the greatest common divisor of 25 and 20?
5
What is the highest common factor of 425 and 34?
17
What is the greatest common factor of 6 and 5286?
6
What is the highest common factor of 90 and 171?
9
What is the highest common factor of 21 and 133?
7
What is the greatest common factor of 729 and 9?
9
What is the highest common divisor of 40 and 2560?
40
Calculate the greatest common divisor of 60 and 132.
12
Calculate the highest common factor of 838 and 4.
2
Calculate the greatest common factor of 63 and 1827.
63
What is the greatest common divisor of 598 and 7475?
299
Calculate the highest common divisor of 609 and 21.
21
Calculate the highest common divisor of 20 and 370.
10
What is the highest common divisor of 7326 and 444?
222
Calculate the greatest common divisor of 153 and 816.
51
Calculate the greatest common factor of 470 and 30.
10
What is the greatest common factor of 228 and 532?
76
What is the greatest common factor of 119 and 42007?
119
What is the highest common divisor of 24 and 992?
8
Calculate the hi